 = 0. Suppose 5*y - 5 = 0, 0 = 3*i - 3*y + t*y - 118. Let u = -25 + i. Is u composite?
True
Suppose 3*m + 0*m = 6. Suppose 0 = -m*z - 2*g + 204, -2*z - 4*g = z - 311. Let r = 150 - z. Is r a prime number?
True
Let t(y) = 3*y**3 + 3*y**2 - 7*y. Let p be t(-5). Let c(l) = 130*l**2 - 3*l. Let r be c(2). Let h = p + r. Is h a prime number?
False
Is ((-1917810)/(-180))/(6/4) a prime number?
True
Let d = 1453 + -1020. Let g = -180 + d. Is g prime?
False
Let x(o) = 14*o**2 - 8*o - 8. Let j(g) = -g**2 + g + 1. Let u(s) = 2*s + 8. Let c be u(0). Let a(q) = c*j(q) + x(q). Is a(1) a composite number?
True
Let d(g) = -14416*g - 21. Let v be d(-4). Suppose -12*z = -v - 70313. Is z composite?
False
Suppose -i = -5*b + 83097, 53*b - 51*b - 5*i = 33248. Is b prime?
True
Let m(u) = -217*u**3 - 6*u**2 - 15*u - 1. Is m(-2) a composite number?
False
Let t = 460 - 99. Suppose -i = s - t, -3*i = 3*s - 4*i - 1087. Is s prime?
False
Let w = 917 + 86. Is w a composite number?
True
Let k = 3373 - 2256. Is k a prime number?
True
Suppose 158 - 133 = 5*y. Suppose -y*n + 3*j + 1540 = 0, 4*n + 2*j = 847 + 363. Is n composite?
True
Let h(q) = 2150*q + 7. Is h(2) prime?
False
Suppose -10*f + 4614 = -4*f. Suppose -2*a = n - f, 0 = -a + n + 287 + 90. Is a composite?
True
Suppose 0 = 2*w + 3*j - 30967, 2*j + 0*j = -2*w + 30972. Is w a composite number?
True
Let u(b) = 614*b + 51. Is u(11) a composite number?
True
Let q(n) = -710*n + 45. Is q(-14) a prime number?
False
Let l = -5 + 8. Is ((-16)/(-14) - l/21)*587 prime?
True
Let o(z) = -107*z**3 + 5*z**2 + 6*z + 5. Let v be o(-3). Suppose -m = -4*q - 495, 4*m - v + 920 = -5*q. Is m a composite number?
False
Suppose 0 = -5*v + v + 56. Let w(g) = 1 - 9*g + v*g + 16*g. Is w(1) a composite number?
True
Suppose 6*y + y = 0. Suppose y = q - 14 - 143. Is q a prime number?
True
Let n(x) = -355*x**3 + x**2 + 3*x + 2. Let b = -84 + 83. Is n(b) a prime number?
False
Suppose -346*o + 381*o - 1080065 = 0. Is o a prime number?
True
Suppose 4*r - 64 = -4*g, 0 = 2*g + 3*g - 2*r - 108. Suppose 3*s + 4*n - g = 0, -4*s - n = -4*n + 15. Suppose 3*q - 2069 + 428 = s. Is q prime?
True
Let b(r) = 15*r**3 - r**2 - r - 1. Let x be b(-1). Let q = -431 + 461. Let i = x + q. Is i prime?
False
Let k be 2*(113/(-3))/((-3)/9). Let r = -2277 - -4191. Suppose -8*n + r = k. Is n a composite number?
False
Suppose 147214 = 4*s - 96662. Is s a prime number?
False
Let y = 27 - 72. Let f = 59 - y. Suppose -5*d = -2*l + f + 30, 3*d = 3*l - 201. Is l composite?
False
Let k(a) = 5*a**3 + 30*a**2 - 2*a - 13. Let m(d) = 2*d**3 + 10*d**2 - d - 4. Let h(u) = 3*k(u) - 8*m(u). Let j be h(7). Let c = j + 13. Is c prime?
True
Suppose 2*c - y - 1 = 6, -2*c = 5*y - 1. Suppose -c*t - 924 = -4*t + 5*q, -t + 2*q + 921 = 0. Is t a composite number?
False
Suppose 2*b + 18 = 4*b. Let m = b + -6. Is ((-3)/(-6))/(m/498) composite?
False
Suppose 0 = 11*o + 3*o - 486290. Is o a prime number?
False
Let u(y) = 147*y + 2. Let w = 12 - -3. Let c be 2/(-3)*w/(-10). Is u(c) prime?
True
Let g(q) = -10*q**2 + 3*q**2 - q**3 + 6 + 8*q - 2. Let z be g(-8). Is 0 + -21*z/(-6) a composite number?
True
Suppose 4*h - 3*f + 22 = 0, -3*f - 4 = 2. Is (16/14)/4 + (-6704)/h prime?
False
Is 3905 + (3/5)/(39/130) a prime number?
True
Suppose -47*g + 24565 = -42*g. Suppose -3*f - y = -0*y - g, 4*f + 3*y = 6554. Is f prime?
True
Suppose -7*p = -2*p - 15. Suppose -19 = -3*q + 2*m, 2*q - m = p + 10. Is q a prime number?
True
Let f = -21147 + 37448. Is f prime?
True
Suppose -313 = 4*m + 895. Let a be -423 - ((-3 - -3) + 2). Let j = m - a. Is j a prime number?
False
Let m = -3516 - -8275. Is m a composite number?
False
Suppose 0 = -83*v - 6*v + 249022. Is v prime?
False
Suppose 6*v - 61 = -2*m + 287, -5*v + 820 = 5*m. Is m a composite number?
True
Suppose -b = 27*b - 5432. Is b a composite number?
True
Suppose 2*a + 59 = 3*a. Let w be (-2)/(-10) + (-360)/(-75). Suppose -c = -w*n - a + 6, -2*n = -5*c + 173. Is c a composite number?
True
Let g be -2 + (-21)/(-9)*3. Suppose -g*h = v - 8, h + 44 = -4*v - 0*v. Let m(l) = -l**2 - 25*l - 7. Is m(v) prime?
True
Let f = 92664 + -38891. Is f composite?
False
Let s(w) = 72*w - 13. Suppose -v = -t + 5*t - 27, -3*v = t - 4. Is s(t) composite?
False
Let t(k) = -k**3 - 4*k**2 + 9*k - 1. Let o = -15 + 35. Suppose 4*m + 25 = -3*w + 2*m, -4*w = -4*m + o. Is t(w) a prime number?
True
Let i = 1514 - 43. Is i composite?
False
Let d(n) = -7*n**3 - n**2 - 26*n + 25. Is d(-12) a composite number?
False
Suppose -4*u = 4*l - 9092, -2*u = 5*l - 4*l - 4542. Is u prime?
True
Let n = 24360 + -8022. Suppose -f - n = -7*f. Is f a prime number?
False
Is ((-1)/3)/((-7)/32361) composite?
True
Suppose 199*x = 204*x - 37805. Is x composite?
False
Suppose -124*w - 11586 = -130*w. Is w a composite number?
False
Let i = 230677 - 160106. Is i a prime number?
True
Let v = 71657 + -42414. Is v composite?
False
Suppose -6*g + 4 = -4*g. Suppose -3311 = -5*w - 0*x + x, g*w + 5*x - 1319 = 0. Let q = -397 + w. Is q a prime number?
False
Suppose -4*n + 314087 = -6*t + 11*t, 3*n - 62813 = -t. Is t a composite number?
False
Let y = 40757 + -28974. Is y prime?
True
Let h(j) be the second derivative of 2*j**4/3 - j**3/3 + 7*j**2/2 - 17*j. Suppose -5*r = 5*n, -4*n - 3*r - 5 = -0*n. Is h(n) a prime number?
False
Suppose -4*u - 2*a = -16894, 0*a = -5*u + a + 21107. Is u prime?
False
Let b(z) = -3243*z - 18. Let v be b(-14). Suppose -10*w + 27446 = -v. Is w prime?
True
Let i be -7*1*(-10)/7. Suppose -7*n - 381 = -i*n. Is n composite?
False
Let n = 553 + -270. Let f(y) = -157*y**3 + 2*y**2 - 1. Let g be f(1). Let j = g + n. Is j a prime number?
True
Suppose -3*v + 5*y + 10 = 0, -9*v + 5*y = -5*v - 10. Suppose -2*w - 4*i = -702, -5*i = -5*w - v*w + 1725. Is w a composite number?
False
Suppose 0 = -3*d + 4*r - 15, 2*d + 4*r - 6 = 4. Let x(v) = 5*v**3 - v**2 - 64*v**3 - 69*v**3. Is x(d) prime?
True
Suppose 4 = -f, -5*o + 16005 = -f - 7394. Is o a composite number?
False
Suppose 0 = -2*a - 0*a + 10. Suppose a*y - 4*v - 39 = 6, v = -y + 9. Suppose y*g + 2*u - 6267 = 4*g, 3*u = 5*g - 6262. Is g a prime number?
False
Let q(c) = 598*c - 109. Is q(20) composite?
True
Suppose 10*n + 128891 = 17*n. Is n a prime number?
True
Let u be (-7 - -12) + 1/1*1. Let c(i) = 29*i - 11. Is c(u) a composite number?
False
Suppose 0 = 30*g - 102242 - 311188. Is g a prime number?
True
Let z(d) = 18*d**3 + 5*d**2 - 12*d - 3. Is z(12) prime?
False
Suppose -1 = r, 3*y + 3*r - 1 = 2. Suppose 295 = k - 3*i, 0 = y*k - 4*i - 87 - 505. Is k a prime number?
False
Suppose 5*f - 8623 = 26952. Is f composite?
True
Let n(o) = 18*o + 3. Let p(b) = 0 - 16*b - b - 4. Let z(f) = -3*n(f) - 2*p(f). Is z(-4) prime?
True
Is 16/24*(-391224)/(-16) a composite number?
False
Let g = -95 + 99. Suppose -g*x = 4*u - 4552, -2*u - 1139 = -3*u - 2*x. Is u a composite number?
True
Let r = 135 + -150. Is (5 - 0)*(3 + (-1098)/r) composite?
True
Let r(i) = i**3 - 15*i**2 + 15*i - 11. Let k be r(14). Suppose -3*g = 2*g + 5, -727 = -k*o + 4*g. Suppose 454 = 5*b - o. Is b a composite number?
False
Let m(y) = -1. Let v(s) = s + 6. Suppose -1 - 2 = -r. Let j(o) = r*m(o) + v(o). Is j(6) composite?
True
Let x(b) = -b**3 + 13*b**2 - 10*b - 12. Let p be x(12). Is 998*2/16*p composite?
True
Let r(x) = 56*x**2 + 3*x - 5. Let y be r(-3). Let j(h) = 54*h + 3. Let v be j(-3). Let s = y + v. Is s composite?
False
Let b(q) be the third derivative of 29*q**4/24 + 5*q**3/3 - 14*q**2. Is b(3) a composite number?
False
Suppose -6*z - 6 = -4*z. Is z*(1 - (2 - -10)) a prime number?
False
Let b(x) = -5*x**3 - 2*x**2 - 10*x - 7. Let z(l) = l**3 - l**2. Let j = -14 - -18. Let h(g) = j*z(g) + b(g). Is h(-6) a composite number?
False
Let d = 102 - -134. Let w be d/(-10) + 6/(-15). Is ((-34)/8)/(3/w) a prime number?
False
Let n be 8/(-12) + 50/(-6). Let i = 11 + n. Suppose -2*z = 3*b - 437 - 442, -5*b - i*z = -1469. Is b a composite number?
True
Let h be -1 + (3 - (-1 - 78)). Suppose -h = -5*a - 3*d + 1817, -5*d = -2*a + 753. Is a a composite number?
False
Suppose 4*o - 15 = 1. Suppose -4 = o*r - 5*r. Suppose 5*y + 513 + 217 = 5*w, r*y = 3*w - 441. Is w a composite number?
True
Is -12498*(33/(-198))/((-2)/(-4)) prime?
False
Let o = 97589 - 65728. Is o prime?
False
Is (2 - (-56612 - 3)) + 5 + 1 prime?
False
Let 